d by 18.
16
Let p(u) = -9*u + 1. Let h(c) = -c**3 + 5*c**2 + 6*c + 3. Let a be h(6). Let r be 0 + a - (2 - -3). Calculate the remainder when 54 is divided by p(r).
16
Suppose -8*t + 72 = -5*t. Let r = -1843 + 1911. Calculate the remainder when r is divided by t.
20
Suppose -2*a + 2*c - 30 = -10, 5*c = 4*a + 36. Let m = -4 - a. Calculate the remainder when m is divided by 3.
1
Suppose l + 368 = 5*l. Let g = 249 + -163. Let a = 117 - g. What is the remainder when l is divided by a?
30
Let f = -8 + 26. Let i = -48 + 48. Suppose i = -3*l + 12 + 3. Calculate the remainder when f is divided by l.
3
Suppose 2*w + m = 67, -m = -3*w - 10 + 113. What is the remainder when w is divided by 12?
10
Let d(y) = 50*y**2 + 2*y - 3. Calculate the remainder when d(-2) is divided by 11.
6
Let i(a) = 9*a - 17. Suppose -4*m + 2*w - 20 = -2*w, -5*w + 21 = -4*m. Let s be ((-30)/24)/(1/m). Calculate the remainder when i(s) is divided by 16.
12
Let u = -1498 - -1553. Calculate the remainder when 95 is divided by u.
40
Let u = 21 + 0. Let s = -87 - -99. Calculate the remainder when u is divided by s.
9
Suppose -12*o + 1443 = -213. What is the remainder when o is divided by 14?
12
Suppose 0 = 16*n - 591 - 1. What is the remainder when 44 is divided by n?
7
Let g(i) be the second derivative of -i**5/20 - 25*i**4/12 + 23*i**3/6 - 63*i**2/2 + 36*i. Calculate the remainder when 25 is divided by g(-26).
10
Let s = -6 + 1. Let g be -1 - (-5 - (s + 2)). Calculate the remainder when (-3 - 3)/g*-13 is divided by 20.
18
Let s be 2 - (-8)/(-4) - (-127 + -5). Calculate the remainder when (s/36)/(3/45) is divided by 29.
26
Let k = 227 + -193. What is the remainder when k is divided by (-3)/(-2)*48/18?
2
Suppose -25*x - 72 = -31*x. Let y be 6/4*(-8)/(-1). Suppose 2*a - 30 - y = 0. What is the remainder when a is divided by x?
9
Let c(h) = -5*h**2 - 3*h - 113. Let m(o) = -9*o**2 - 5*o - 227. Let p(u) = 7*c(u) - 4*m(u). What is the remainder when p(0) is divided by 40?
37
Let f = 19 + -6. Let j(p) be the second derivative of -p**5/20 + 2*p**4/3 - p**3/6 - 2*p**2 + p. Calculate the remainder when j(3) is divided by f.
12
Let m(b) = 8*b**2 + 34*b - 105. Calculate the remainder when m(6) is divided by 15.
12
Calculate the remainder when 29 is divided by -6 + 1 - (-23 - -5) - 2.
7
Suppose 0*h - h - 5*o - 3 = 0, 5*h - o - 37 = 0. Suppose 60 = 4*k + 2*k. Calculate the remainder when k is divided by h.
3
Let k be (10 + -11)*3*-1. Suppose -b - 10 = -k*z - 2, z - 12 = -2*b. Calculate the remainder when 7 is divided by b.
3
Suppose 204 = 21*c - 216. Calculate the remainder when 1038 is divided by c.
18
Let j(d) = -d**3 - 3*d**2 + d + 5. Let q be 1/(3 - 66/21). Let s = 3 + q. What is the remainder when 66 is divided by j(s)?
15
Suppose 8*a - 123 = 109. Suppose a = 2*q - 3*l, 4*q + 3*l + 0*l - 103 = 0. What is the remainder when q is divided by 12?
10
What is the remainder when 6/(-2)*-1 - 207/(-23) is divided by 11?
1
Let w(h) = -2*h**2 - 36*h - 13. Suppose -5*g + 36 = -2*l, 5*l - l - 18 = -5*g. Calculate the remainder when w(-17) is divided by g.
3
Let i(n) = 2*n**2 - 6*n - 8. Let r(g) = -g - 1. Let b(x) = i(x) - 6*r(x). Calculate the remainder when 10 is divided by b(-2).
4
Calculate the remainder when -9 + 368/14 + (-2)/7 is divided by 17.
0
Calculate the remainder when (-1 + 191)*((-3)/2 - -3) is divided by 12.
9
Let i(k) = 7*k**2 + 8*k - 1. What is the remainder when i(-3) is divided by 5?
3
What is the remainder when 140 is divided by (144/(-10))/(298/(-745))?
32
Let m(l) = l - 18. Let j be m(0). Let v = 34 + j. Calculate the remainder when 62 is divided by v.
14
Suppose -d - 4 = -4*t + 4, 0 = 5*d - 20. Suppose -t*h + 27 = 2*o, 5*h + 4 = h. What is the remainder when 25 is divided by o?
10
Let j be ((-11)/(-3) - 4)/(2/66). Let k(a) = -3*a - 25. Calculate the remainder when 30 is divided by k(j).
6
Let s(r) = r**3 + 16*r**2 - 34*r + 38. Let b be s(-18). Suppose -3*g = -g + b*q - 28, -5*g = q - 86. What is the remainder when 30 is divided by g?
12
Let r(t) = 8*t**2 + 3*t + 3. Suppose 0*o - 220 = -4*o. Calculate the remainder when o is divided by r(-2).
26
Let c = 988 + -960. Calculate the remainder when 421 is divided by c.
1
Suppose -277*d - 4176 = -280*d. What is the remainder when d is divided by 93?
90
Let r = -508 + 557. Calculate the remainder when r is divided by 33.
16
Let v = 9 - -3. Let n = v - 9. Suppose -3*r + 69 = n*s, -2*s - 2*s - 2*r = -94. What is the remainder when 45 is divided by s?
21
Let y(i) = 2*i**2 - i - 1. What is the remainder when 159 is divided by y(-5)?
51
Suppose 44 = 4*x - 0. Suppose 14*y - 294 = x*y. Calculate the remainder when y is divided by 35.
28
Let p = 553 + -437. Calculate the remainder when p is divided by 31.
23
Let p = 3 + -1. Let r = 439 + -439. Suppose 0 = -p*y - 6, -2*w + r*w = 5*y - 165. Calculate the remainder when w is divided by 23.
21
Suppose -3*d = 4*q - 254, -q + 15 - 16 = 0. What is the remainder when 340 is divided by d?
82
Suppose 0 = -3*g - 3*s - 30, 0 = -2*g + 4*s + 1 - 51. Let a = 76 + g. Let k = 18 + -2. What is the remainder when a is divided by k?
13
Let l(s) = s**3 + 15*s**2 - s - 10. Let o be l(-15). What is the remainder when 214/10 - 2/5 is divided by (o + -2)*(-24)/(-9)?
5
Let i(o) = 2*o + 167. Let p be i(0). Let u = -99 + p. Suppose 3*b - u - 19 = 0. Calculate the remainder when b is divided by 10.
9
Let i = 92 + -49. Calculate the remainder when i is divided by 10 - (-4 + 4 + -5).
13
Let o = 62 + -51. Suppose -38 - 7 = -w - h, 209 = 5*w + h. Calculate the remainder when w is divided by o.
8
Let i = -1084 + 1263. Calculate the remainder when i is divided by 38.
27
Let g = 5 - 6. Let u = 17 - 3. Calculate the remainder when g*(-8)/3*15 is divided by u.
12
Suppose -90 - 10 = -5*m - 5*p, m - 14 = p. Suppose -2*l - m + 93 = 0. Calculate the remainder when l is divided by 22.
16
Let g = 27 + -48. Let f = -11 - g. What is the remainder when 38 is divided by f?
8
Let z(m) = 2*m**2 + 23*m - 30. Let s be z(-13). Calculate the remainder when (-2)/s - (-328)/18 is divided by 10.
8
Suppose -23 = -l - 3*o + 35, 0 = 4*l - 5*o - 249. What is the remainder when l is divided by 22?
17
Suppose 112*u - 131*u + 2717 = 0. What is the remainder when u is divided by 5?
3
Let t = -286 - -328. What is the remainder when t is divided by (-45)/(-4) + (-8)/32?
9
Let b(l) = 3*l**2 + l. Let y be b(1). Let m be 1*(y - 2) + 65. Let s = -40 + m. Calculate the remainder when s is divided by 10.
7
Suppose 0 = -75*k + 85*k - 1250. What is the remainder when k is divided by 29?
9
Suppose 0 = 12*a - 8*a. Let b be -1 - a - (89 - -3). Let k = -51 - b. Calculate the remainder when k is divided by 11.
9
Suppose 0 = -7*h + 8*h - 4. Suppose 3*v = 2*d - 0*v - 198, -h*d + 386 = -v. Calculate the remainder when d is divided by 27.
15
Suppose 374*o - 398*o + 7320 = 0. What is the remainder when o is divided by 129?
47
Let l(b) = -b**3 + 2*b**2 + 16*b - 9. What is the remainder when 60 is divided by l(4)?
14
Let j = 1788 + -1761. Let y(f) = f**2 - 3*f + 3. What is the remainder when j is divided by y(4)?
6
Suppose -23 = -10*j + 37. What is the remainder when 57 is divided by j?
3
Suppose 0 = 9*o - 1016 - 388. Suppose 4*t = -2*t + o. Calculate the remainder when t is divided by 14.
12
Calculate the remainder when 9 is divided by -7 - (-14 - 6/(-3)).
4
Let t = -53 + 74. Let o(p) = 2*p**2 + 4. Let j be o(3). Let r = j + 40. Calculate the remainder when r is divided by t.
20
Suppose 0 = j - 5. Calculate the remainder when 38 + (2 - (j + -2)) is divided by 10.
7
Let f(u) = 2*u**2 + 44*u + 186. Calculate the remainder when 634 is divided by f(-5).
10
Suppose -3*x + 29 = -x - v, 0 = x + 2*v - 7. Let j = 68 + -20. What is the remainder when j is divided by x?
9
What is the remainder when ((-50)/100)/(1/(-2330)) is divided by 73?
70
Let p be -2 + 3/(27/78)*3. Suppose -p = -3*x + 12. What is the remainder when x is divided by 4?
0
Let f be ((-2)/30*-5)/(2/(-30)). Let g(s) = -s + 5. Calculate the remainder when g(f) is divided by 3.
1
Suppose -52 = -r + 5*a, 5*r - a - 375 = a. Let t be 0*((-3)/2 + 1). Suppose t = p + p - 80. What is the remainder when r is divided by p?
37
Let c(d) = -d**3 + 12*d**2. Let b be c(12). Suppose b = -5*a - 4*x + 194, 0*a - 2*x + 76 = 2*a. What is the re